 (-1 - ((8 - 9) + -32))?
16
15 - (5 + 5 - 1) - 12
-6
Calculate -6 - (4 + (0 - -4) - (-35 - -29)).
-20
Calculate -28 + 32 - (-14 + -8).
26
Calculate 16 - 11 - (0 - -11) - 9.
-15
Evaluate (4 - 20) + -7 - (3 - 11) - -1.
-14
(-7 - (10 + -14)) + 16
13
Calculate 84 + -91 + (2 - 2 - 6).
-13
What is the value of -6 + 0 - (330 - 344)?
8
What is 15 + 3 - (-184 + 196)?
6
What is the value of -6 + (-15 - -21) + -12?
-12
What is the value of -23 + (17 - 13) + 24?
5
Calculate 15 - (-5 + -5 + 3 + 15).
7
What is (34 - 24) + (-2 - 6)?
2
Evaluate -16 + (24 - 12) + (15 - -1).
12
What is the value of 36 - (-1 - (-7 + -48))?
-18
16 + (-36 - (-2 - (5 + 0)))
-13
Evaluate -7 + 8 + 20 + -49 + 41.
13
Calculate (-42 + 10 - 8 - -12) + 10.
-18
Evaluate 14 + 26 + -13 + 9 + -12.
24
What is the value of (0 + 6 - 5 - (0 - -15)) + 7?
-7
Evaluate -5 + -2 + -4 + (10 - 11) + 5.
-7
What is -13 - (-17 + 51 + -19 + 7)?
-35
What is the value of 3 - (18 - 19 - -7)?
-3
-10 + -8 + 12 + (-2 - -14)
6
0 + -7 - (-112 - -103)
2
38 + (-36 - -16) + -8
10
(30 - 40) + 1 + -4
-13
Calculate -3 - (-27 - -29 - (2 - 4)).
-7
Calculate 19 - 0 - ((10 - -3) + -5).
11
(1 - ((-1 - 10) + -1)) + 6
19
11 + (-23 - -1 - -11 - -19)
19
(-29 - (3 + -20)) + -9
-21
What is 3 - (-11 + 19 + -2)?
-3
What is 11 + -3 + 0 + -2 + 9 + -7?
8
What is the value of (4 - (-4 + 3)) + (2 - 4) + 3?
6
-11 + (40 - (-2 - -1)) + (-1422 - -1419)
27
Calculate (-7 - 26 - -66) + -7.
26
What is the value of (3 - (6 - (7 + -8))) + 0 + 12?
8
What is the value of 6 - (7 - (-13 + 9 - -4))?
-1
Calculate (5 - 2) + -45 + -43 + 46.
-39
What is 18 + -2 + -5 - 26 - -23?
8
Evaluate (-24 - 11 - -32) + -13.
-16
Calculate (21 - 7) + 7 + (48 - 61).
8
What is the value of -27 + (-8 - -47) - (2 - -1)?
9
What is the value of -1 + 2 + -44 + 58?
15
What is the value of (-24 - (-30 + -10)) + -11?
5
Evaluate -40 + (-26 - -75) - (-1 + 8).
2
Calculate -562 + 598 + -26 + 0.
10
-43 - (1 + (9 - 23 - 1))
-29
Evaluate (25 - (0 + (4 - 4))) + 39 + -44.
20
Evaluate -1917 - -1937 - (41 - -1).
-22
Calculate -16 + 5 + 10 + 16.
15
5 - 2 - (10 + -16 - -20)
-11
What is 11 + 0 + -1604 + 1585?
-8
Evaluate 4 + (-7 - -3) - (11 - (5 - 6)).
-12
What is the value of -24 + 6 + 31 + 13?
26
8 + -24 + (0 - -3 - (5 + -4))
-14
Calculate 11 - (1 - -12) - 7.
-9
What is -4 - (-15 - 0) - (20 + 4 - -18)?
-31
Evaluate (-4 - 2) + (7 + -5 - -8).
4
Evaluate (14 - (-18 + 23)) + -15 - -19.
13
What is the value of -16 - (15 + -35) - -22?
26
What is 3 + (-43 + 7 - -15)?
-18
What is (8 - (54 + -22)) + 32?
8
Evaluate 25 - (11 - 2) - 1 - 0.
15
(0 - 2) + (806 - 807)
-3
10 + 3 + (16 - 24)
5
What is the value of (28 + -5 - 17) + -15?
-9
Evaluate (0 - (1 - -3 - (42 - 58))) + 0.
-20
Evaluate (6 - (3 + 10)) + (7 - (3 - -6)).
-9
-1 + -6 + (39 - 16) + 6 + -31
-9
Evaluate (1 - 21) + -3 + 17 + -12 + 7.
-11
27 - (26 + -1 - 2)
4
Calculate 8 + (0 - (13 + -14)).
9
What is (-21 - -1 - -6) + 26?
12
What is the value of -1 + (4 + 5 - 20) + 15?
3
Evaluate -131 + 118 - (-32 + 6).
13
Evaluate (-4 - (4 + (-10 - 9))) + 2.
13
-2 - (-29 - -5 - -31)
-9
Evaluate 8 - ((15 - 29) + 42).
-20
Evaluate 4 - -4 - (9 + (1 - -9)).
-11
Evaluate (2 - 56) + -125 + 155.
-24
Evaluate 15 - 11 - (16 + -2 + -2).
-8
(10 - (-12 - -25)) + 7 - (4 + 0)
0
Evaluate (8 - 2) + (-14 - -35 - 30).
-3
Evaluate -3 + -37 + 34 - (21 + -3).
-24
5 + -2 + 1 + 27 + (0 - 9)
22
What is the value of 2 + 6 + 1 + 2?
11
Evaluate -6 + ((1 - 2) + 8 - (110 + -121)).
12
What is 22 + -30 + -7 - -20?
5
What is the value of (-13 + 24 - 2) + -2?
7
20 + -37 - -13 - (-5 - 6)
7
What is the value of -17 - -1 - (-22 - 12) - -5?
23
What is the value of 12 - (16 + -7) - 7?
-4
What is 27 - (11 - ((-1 - (4 - 9)) + -1))?
19
-12 - (6 + -29 - -11)
0
-4 - -9 - (14 - 2)
-7
Calculate 1 - (1 + 0) - (-3782 + 3780).
2
22 - 2 - 2 - (-61 + 69)
10
8 + (-2 - 5) + (11 - 6)
6
What is -3126 + 3129 - (0 + -2 + 0)?
5
Evaluate 22 + -5 + -11 + 12.
18
Evaluate -14 + -18 + -24 + 38.
-18
What is 4 + -1 + 8 + -14?
-3
Calculate -28 + 37 + (17 - 37).
-11
What is -144 + 166 + -8 + (-1 - -3)?
16
What is 0 + -8 + 12 - (-13 - (-2 + 0))?
15
25 + 4 + -14 + -34
-19
Calculate 7 + (-11 - -18) + (-12 - 1).
1
Evaluate (-14 - (-4 - 12) - -4) + 0 + 7.
13
Evaluate -3 + 19 + -26 + 26.
16
Calculate -33 + (3 + (5 - -16) - 9).
-18
-3 + -15 + (412 - 419)
-25
Evaluate -6 + (5 - (9 + (-4 - (4 + -4)))).
-6
What is the value of -10 + 15 + -1 - 22 - 0?
-18
(4 + -12 - -8) + -13 - -8
-5
What is the value of -4 + (-50 - -24) + 16?
-14
Evaluate -19 - ((4 - -1) + -89 + 81).
-16
5 - (-4 - (-13 - (0 + -1))) - -22
19
Calculate -34 - (-32 - -39 - 7).
-34
What is the value of -6 + (1 - 8) + 12 + 10?
9
Evaluate 25 + -4 + -1 - (8 - (-11 + 12)).
13
Evaluate -2 + (0 - 6) + (3 - 10 - -14).
-1
What is the value of -14 + 16 - (1 + -7) - (1 + -2)?
9
What is the value of -43 + 31 + (-4 - (8 + -6))?
-18
-20 + 3 + (11 - 3) - 4
-13
Calculate (1 - 0) + -11 - (1977 + -1957).
-30
What is the value of -8 - (-1 + -17 + 13) - 4?
-7
What is (2 - (7 + (-5 - -6))) + 6?
0
What is -27 + 1 - (117 + -166)?
23
Calculate 6 + (-10 - -6) + (3 - -2).
7
-11 - (24 - 21) - -4
-10
What is 19 - ((-3 - (-4 + -4)) + (4 - 1))?
11
Evaluate 5 + 17 + -15 + -14 + -3 - 5.
-15
Evaluate -11 - (-2 - -2) - (-148 - -137).
0
What is (1 - -6) + (10 + -5 - 4)?
8
What is 1 + -27 + -53 + (-42 - -94)?
-27
What is the value of 2 - -13 - (-28 + -2 - (-86 + 66))?
25
Calculate (19 + -17 + 3 - 12) + -23.
-30
-33 + (41 - 23) - -31
16
What is -1 - (-8 - (7 + -12)) - -6?
8
Evaluate -2 + (9 - (-2 + 5) - -6) - 8.
2
What is the value of -49 - (7 + -3 + -15) - (-5 + -4)?
-29
Evaluate -288 + 306 - (3 + 19).
-4
What is the value of (-5 - (-2 + (1 - -4))) + 7 - -3?
2
What is the value of 18 + -29 + 5 + (16 - 5)?
5
Calculate 2 + -1 + -2 + (998 - 1007).
-10
What is 16 - (11 + -7) - -5?
17
Evaluate 22 + (24 + -20 - 15).
11
Calculate -32 + 21 + (-35 - -42).
-4
What is the value of (-2 - (15 - 12)) + 2 + 5 + -4?
-2
Calculate (-8 - -1) + (-2 - -4 - 4).
-9
Evaluate -8 + 17 + -3 - 1.
5
What is -2 - -12 - -1 - 3?
8
What is 1 + (3 - (24 + -15)) + 10?
5
What is -19 - (1 - -1 - (182 + -167))?
-6
What is the value of 6 - (-7 + (12 - 14))?
15
What is -5 - ((1 - -3) + -3)?
-6
Evaluate 33 + (-41 - (-38 - -20)).
10
What is -13 - -19 - (-1 + 12) - (-8 - -10)?
-7
Evaluate 9 + 1 - (-10 + (23 - 5) - 2).
4
-18 + (-31 - (-35 + 3))
-17
Evaluate 26 + -1 - (16 + 3).
6
What is the value of 12 - (-6 - (0 - ((-2 - 3) + 17)))?
6
Calculate 5 + (-1 + (-4 - -11) - 0) + -4.
7
9 - 4 - -1 - 1 - (48 - 29)
-14
What is -17 + 5 + 11 + 1 + -4 + 8?
4
What is -14 + (14 + 1 - -15)?
16
Evaluate -1 + -1 + 12 + -49 + 26.
-13
Evaluate 3 + -2 + (0 - (5 - 5) - 5).
-4
What is -1 + -5 + (-66 - -55 - (-12 - 1))?
-4
What is -13 - ((-13 - -12) + -17)?
5
Calculate -15 - (-7 - (-7 - -8)).
-7
What is 5 + (11 + -5 - 17) - (-15 + 0)?
9
(48 + -27 - 18) + -13
-10
Evaluate -39 + 41 + -1 + -20.
-19
12 - (1 + (0 - -15))
-4
What is 12 - (13 - (-6 - -18) - (-6 - 0))?
5
Evaluate (-2 - 2 - 8) + 19 + -5.
2
4 + (8 - (4 + -3 + 2)) + -32
-23
(5 - 6) + (7 - 5 - -8)
9
Calculate 2 + (2 - -2) + (57 + -24 - 34).
5
What is 15 + -41 - -38 - (1 + -12 + 1)?
22
Evaluate -41 + 17 + 4 + 0.
-20
-21 + (2 - -4) + -14 + 13
-16
Evaluate 9 + (1 - 1) + -2 + -266 + 277.
18
What is the value of 12 - 5 - (-4 + (-12 - -12))?
11
Evaluate 5 - (4 + -8) - (47 + -40).
2
What is 172 - 171 - (1 + -1 + 3 + -2)?
0
-34 + (-8 - (-21 - 5))
-16
What is 7 + (-1 - -2) - (17 + (-21 - -28))?
-16
What is the value of (33 - (-6 + (-9 - -14))) + -12?
22
Evaluate (8 - (6 + 8) - -22) + -22 + 15.
9
Calculate -10 + (-3 - -11) - -3 - 13.
-12
Calculate 115 + -106 - (5 + 7).
-3
-15 + 20 - (-6 - 3 - -2)
12
What is the value of -14 + (4 - (5 - 7 - -1))?
-9
Calculate 396 + -405 + 0 + 1.
-8
What is (13 + 5 + -8 - 10 - 5) + 3?
-2
Calculate (45 - 49) + 2 - ((-14 - -2) + 2).
8
Evaluate 42 + -28 + 13 + -1.
26
What is 12 + (5 - -12) + -18?
11
-14 - (-9 + 2 + -2)
-5
Evaluate (-15 - -22) + (-4 - (-6 + 2)) - 0.
7
Evaluate -12 + 14 + (-4 + 2 - 0) + -1.
-1
What is (-14 + 23 - 9) + (3 - 1)?
2
5 - (-6 + 0 + (-88 - -97))
2
Calculate -3 - 3 - -4 - 0.
-2
Calculate -19 - -4 - (5 - 26).
6
Calculate 333 - 329 - ((-3 - -14) + 1).
-8
-4 + 1 + -4 + 4 + -4
-7
Calculate (-1622 - -1617) + -1 + -1.
-7
What is the value of -23 - -24 - 3 - (-8 + -3)?
9
What is (5 